base 8, what is 0 + -120554767?
-120554767
In base 6, what is -4 - -21014144043?
21014144035
In base 8, what is 145 - 1037260?
-1037113
In base 7, what is 1 - -50642203?
50642204
In base 11, what is -933623 - 14?
-933637
In base 13, what is 2046a08 - -4?
2046a0c
In base 12, what is 165ab26 - 8?
165ab1a
In base 10, what is 319918 + 8?
319926
In base 13, what is -384 + 587c?
54c8
In base 10, what is -126236178 + -2?
-126236180
In base 8, what is -4616 + -4763?
-11601
In base 10, what is 201 + -561839?
-561638
In base 15, what is -28 - -497a7?
4977e
In base 3, what is -2112221011 + -12210002?
-2202201020
In base 8, what is -2266502 - 20?
-2266522
In base 4, what is 2132021333 - 20?
2132021313
In base 6, what is -45420 - 203242?
-253102
In base 14, what is 7 - -290d86?
290d8d
In base 14, what is 14d556 - -23?
14d579
In base 3, what is -1021001210010122 + -10?
-1021001210010202
In base 9, what is 2313 - -68000?
71313
In base 2, what is -1111 - -100011010111101011?
100011010111011100
In base 15, what is 20 - 2c9c2a?
-2c9c0a
In base 11, what is a980357 - -12?
a980369
In base 9, what is 7 + 1357133?
1357141
In base 11, what is -105a - -40638?
3a589
In base 4, what is -21100023003323 - -1?
-21100023003322
In base 14, what is -2 - 41d131?
-41d133
In base 6, what is 3 + -1020423330?
-1020423323
In base 11, what is 592331a19 - -4?
592331a22
In base 16, what is 5a5e30d5 - -5?
5a5e30da
In base 14, what is 298bcb2a - -4?
298bcb30
In base 12, what is -2328 + 1711?
-817
In base 9, what is -38850127 + -5?
-38850133
In base 10, what is -4 + 2716220?
2716216
In base 2, what is 100010010100 + -10010111001100010?
-10010010111001110
In base 9, what is -11 - -2800200?
2800178
In base 10, what is -7 - 1218358?
-1218365
In base 11, what is 12367a6 - 5?
12367a1
In base 7, what is 65 + 10305660?
10306055
In base 10, what is 0 - -10555877?
10555877
In base 9, what is 6880 + 11125?
18115
In base 11, what is -5a3a899 - 5?
-5a3a8a3
In base 3, what is 20021000 + -101110212?
-11012212
In base 3, what is -20200010021222 + -10102?
-20200010102101
In base 3, what is 1202 - 21210111122110?
-21210111120201
In base 3, what is 110 - 22110222022121?
-22110222022011
In base 2, what is -11110011100101011011111 - -10?
-11110011100101011011101
In base 15, what is 33 + 3a5a5?
3a5d8
In base 13, what is -588 + 566a7?
5611c
In base 10, what is 273808 - 54?
273754
In base 2, what is 110111110 + -11110011111111?
-11101101000001
In base 10, what is -43293 - -67?
-43226
In base 8, what is 13145 + 4047?
17214
In base 10, what is -12 + -26668000?
-26668012
In base 8, what is 570441 + -1354?
567065
In base 16, what is 762a0 - 8?
76298
In base 4, what is -20130200111323 + -11?
-20130200112000
In base 8, what is -1 - 2433126?
-2433127
In base 2, what is 1010101 + 11100101000001?
11100110010110
In base 5, what is 32 - 14434042?
-14434010
In base 6, what is -102204 - -2524?
-55240
In base 11, what is 946 + 268?
1103
In base 2, what is 10011100111010010001011111 + 100?
10011100111010010001100011
In base 15, what is -1e8e - 5ed?
-258c
In base 10, what is 168 + 151080?
151248
In base 13, what is -4 + 10117a31?
10117a2a
In base 13, what is -401c8 - -45?
-40183
In base 16, what is -136416 + 42?
-1363d4
In base 12, what is -80a + -8906?
-9514
In base 10, what is -9948 + -590?
-10538
In base 3, what is -101202020112022020 - 10?
-101202020112022100
In base 3, what is 210 - -201020221112?
201020222022
In base 12, what is -1783 + -479?
-2040
In base 8, what is 6134763 + -3?
6134760
In base 11, what is 0 - 4a0212?
-4a0212
In base 4, what is -1 - -31211300133?
31211300132
In base 10, what is -285572 + 5?
-285567
In base 15, what is 40 - -25d79a?
25d7da
In base 6, what is 22105 + -11312?
10353
In base 4, what is -1121021330100 + -2?
-1121021330102
In base 2, what is 10000011101011100111 + -100111100?
10000011100110101011
In base 3, what is 11 - -11122200101112200?
11122200101112211
In base 7, what is 1330 + -12500154?
-12465524
In base 6, what is 450500 + 4455?
455355
In base 14, what is -5d - 43bb54?
-43bbb3
In base 2, what is -101000100010111010101 + -10110000?
-101000100011010000101
In base 9, what is -346068 + -583?
-346662
In base 4, what is 11 + 21103232300313?
21103232300330
In base 9, what is 2406 + -362?
2034
In base 9, what is -8078477 - -14?
-8078463
In base 14, what is 89883aa + -2?
89883a8
In base 8, what is -3141166 + -15?
-3141203
In base 2, what is -1001110010 + -1011100001001011111?
-1011100010011010001
In base 6, what is -313 - 101011152?
-101011505
In base 11, what is 9 + -750198?
-75018a
In base 14, what is 7d2cd23 + -2?
7d2cd21
In base 15, what is 19 - 3beb7?
-3be9d
In base 13, what is 17a + -88?
c2
In base 6, what is -2 + -30321405?
-30321411
In base 2, what is -10001 - -111101001011001001?
111101001010111000
In base 4, what is 2232302033011 - 10?
2232302033001
In base 2, what is 11000111000110 - 11100011101?
10101010101001
In base 6, what is -10310 - 44042?
-54352
In base 7, what is 6324603 + -4?
6324566
In base 10, what is 1 + 60072883?
60072884
In base 14, what is -1a + 40ba1c5?
40ba1a9
In base 2, what is 100 + -100101111010011111111100111?
-100101111010011111111100011
In base 7, what is 2 - 104245352?
-104245350
In base 15, what is 1b - 7960d1?
-7960b5
In base 13, what is 140a - 995?
745
In base 10, what is -62486 - 545?
-63031
In base 7, what is -23346 + -25423?
-52102
In base 7, what is 1233366 - 215?
1233151
In base 15, what is -5 - -1239ad?
1239a8
In base 10, what is -6989 + -6871?
-13860
In base 16, what is 45 - 4ea1c?
-4e9d7
In base 11, what is -14 - -113667?
113653
In base 8, what is -140536050 - 3?
-140536053
In base 2, what is -100000010010011011010001 + 100?
-100000010010011011001101
In base 15, what is 21b1ec + 22?
21b21e
In base 2, what is -101111010010010101101001 + -1000000?
-101111010010010110101001
In base 11, what is 536168 - -8?
536175
In base 2, what is -101 + 11110011000001111110?
11110011000001111001
In base 9, what is 1315 - 4734?
-3418
In base 13, what is -55 + -2ac1c?
-2ac74
In base 16, what is -c - 2a2361?
-2a236d
In base 6, what is 521120 + 101444?
1023004
In base 10, what is -14 - 364641?
-364655
In base 8, what is -11777171 + -6?
-11777177
In base 8, what is -3 + 201613?
201610
In base 15, what is -d + 10aadbd?
10aadb0
In base 2, what is -110111100000000110 + 100111?
-110111011111011111
In base 16, what is 3db - 3276?
-2e9b
In base 2, what is 1010011010100000111001011111 - -101?
1010011010100000111001100100
In base 7, what is 21334 + 1062043?
1113410
In base 8, what is 21242 - -611?
22053
In base 16, what is -75 - 1b26e?
-1b2e3
In base 2, what is -11000000010 - -100100001111100001?
100011110111011111
In base 11, what is -3876 - -2017?
-185a
In base 8, what is 62 - 174444?
-174362
In base 4, what is 233030101 - -20?
233030121
In base 14, what is 286386 + -6c?
286318
In base 14, what is -20d24 - -cb?
-20c37
In base 10, what is 6 - -196629?
196635
In base 16, what is 62314b7 + 1?
62314b8
In base 9, what is 4 + -47723261?
-47723256
In base 12, what is 9 + 519232?
51923b
In base 11, what is -29063931 + -2?
-29063933
In base 5, what is 2332 + -3422023?
-3414141
In base 2, what is 111000100011001000011 - 110?
111000100011000111101
In base 9, what is -48 + 14511221?
14511162
In base 7, what is -1121320 + 44?
-1121243
In base 3, what is -11 - 1212120121210202?
-1212120121210220
In base 13, what is -3aa10 - -41?
-3a99c
In base 6, what is 4 + -1542415324?
-1542415320
In base 7, what is 10443360 - -1145?
10444535
In base 5, what is 11233 - 2442402?
-2431114
In base 16, what is -68c4 - 606?
-6eca
In base 10, what is -5 + -730266?
-730271
In base 14, what is -1d - 759b7?
-759d6
In base 7, what is 0 - -26512054?
26512054
In base 12, what is -378a26 + 4a?
-378998
In base 14, what is 21 - 1165894?
-1165873
In base 16, what is 1 + -cc90727?
-cc90726
In base 16, what is 0 - 31308fd?
-31308fd
In base 5, what is 220312401 - 313?
220312033
In base 14, what is -a0ddd6 - 3?
-a0ddd9
In base 2, what is -1001 + 11000001000100001010110?
11000001000100001001101
In base 10, what is -39 - 24861?
-24900
In base 8, what is 3 - 111131170?
-111131165
In base 15, what is -1 + -1d82c80?
-1d82c81
In base 16, what is -8d278e + -7?
-8d2795
In base 4, what is -2 - -20231121133101?
20231121133033
In